[INFO] cloning repository https://github.com/LightStrawberry/cow
[INFO] running `Command { std: "git" "-c" "credential.helper=" "-c" "credential.helper=/workspace/cargo-home/bin/git-credential-null" "clone" "--bare" "https://github.com/LightStrawberry/cow" "/workspace/cache/git-repos/https%3A%2F%2Fgithub.com%2FLightStrawberry%2Fcow", kill_on_drop: false }`
[INFO] [stderr] Cloning into bare repository '/workspace/cache/git-repos/https%3A%2F%2Fgithub.com%2FLightStrawberry%2Fcow'...
[INFO] running `Command { std: "git" "rev-parse" "HEAD", kill_on_drop: false }`
[INFO] [stdout] 3bada0ce01b169c7dbce0bba508734a8dc5f833e
[INFO] checking LightStrawberry/cow against try#72f88fc4e9458f89516a0b8b0868f3718aec5b47 for pr-74989
[INFO] running `Command { std: "git" "clone" "/workspace/cache/git-repos/https%3A%2F%2Fgithub.com%2FLightStrawberry%2Fcow" "/workspace/builds/worker-6/source", kill_on_drop: false }`
[INFO] [stderr] Cloning into '/workspace/builds/worker-6/source'...
[INFO] [stderr] done.
[INFO] validating manifest of git repo https://github.com/LightStrawberry/cow on toolchain 72f88fc4e9458f89516a0b8b0868f3718aec5b47
[INFO] running `Command { std: "/workspace/cargo-home/bin/cargo" "+72f88fc4e9458f89516a0b8b0868f3718aec5b47" "read-manifest" "--manifest-path" "Cargo.toml", kill_on_drop: false }`
[INFO] started tweaking git repo https://github.com/LightStrawberry/cow
[INFO] finished tweaking git repo https://github.com/LightStrawberry/cow
[INFO] tweaked toml for git repo https://github.com/LightStrawberry/cow written to /workspace/builds/worker-6/source/Cargo.toml
[INFO] crate git repo https://github.com/LightStrawberry/cow already has a lockfile, it will not be regenerated
[INFO] running `Command { std: "/workspace/cargo-home/bin/cargo" "+72f88fc4e9458f89516a0b8b0868f3718aec5b47" "fetch" "--locked" "--manifest-path" "Cargo.toml", kill_on_drop: false }`
[INFO] running `Command { std: "docker" "create" "-v" "/var/lib/crater-agent-workspace/builds/worker-6/target:/opt/rustwide/target:rw,Z" "-v" "/var/lib/crater-agent-workspace/builds/worker-6/source:/opt/rustwide/workdir:ro,Z" "-v" "/var/lib/crater-agent-workspace/cargo-home:/opt/rustwide/cargo-home:ro,Z" "-v" "/var/lib/crater-agent-workspace/rustup-home:/opt/rustwide/rustup-home:ro,Z" "-e" "SOURCE_DIR=/opt/rustwide/workdir" "-e" "CARGO_TARGET_DIR=/opt/rustwide/target" "-e" "CARGO_HOME=/opt/rustwide/cargo-home" "-e" "RUSTUP_HOME=/opt/rustwide/rustup-home" "-w" "/opt/rustwide/workdir" "-m" "1610612736" "--user" "0:0" "--network" "none" "rustops/crates-build-env@sha256:d92eaeed33fa75130ca1ee6c8a01d1ffb62bac859dfdfb3450e3e5d1c0146529" "/opt/rustwide/cargo-home/bin/cargo" "+72f88fc4e9458f89516a0b8b0868f3718aec5b47" "metadata" "--no-deps" "--format-version=1", kill_on_drop: false }`
[INFO] [stderr] WARNING: Your kernel does not support swap limit capabilities or the cgroup is not mounted. Memory limited without swap.
[INFO] [stdout] 07b75d5b9f16a3e1d5dc019252066034cad63a38a63bdd7029596dd3e0493889
[INFO] running `Command { std: "docker" "start" "-a" "07b75d5b9f16a3e1d5dc019252066034cad63a38a63bdd7029596dd3e0493889", kill_on_drop: false }`
[INFO] running `Command { std: "docker" "inspect" "07b75d5b9f16a3e1d5dc019252066034cad63a38a63bdd7029596dd3e0493889", kill_on_drop: false }`
[INFO] running `Command { std: "docker" "rm" "-f" "07b75d5b9f16a3e1d5dc019252066034cad63a38a63bdd7029596dd3e0493889", kill_on_drop: false }`
[INFO] [stdout] 07b75d5b9f16a3e1d5dc019252066034cad63a38a63bdd7029596dd3e0493889
[INFO] running `Command { std: "docker" "create" "-v" "/var/lib/crater-agent-workspace/builds/worker-6/target:/opt/rustwide/target:rw,Z" "-v" "/var/lib/crater-agent-workspace/builds/worker-6/source:/opt/rustwide/workdir:ro,Z" "-v" "/var/lib/crater-agent-workspace/cargo-home:/opt/rustwide/cargo-home:ro,Z" "-v" "/var/lib/crater-agent-workspace/rustup-home:/opt/rustwide/rustup-home:ro,Z" "-e" "SOURCE_DIR=/opt/rustwide/workdir" "-e" "CARGO_TARGET_DIR=/opt/rustwide/target" "-e" "CARGO_INCREMENTAL=0" "-e" "RUST_BACKTRACE=full" "-e" "RUSTFLAGS=--cap-lints=forbid" "-e" "CARGO_HOME=/opt/rustwide/cargo-home" "-e" "RUSTUP_HOME=/opt/rustwide/rustup-home" "-w" "/opt/rustwide/workdir" "-m" "1610612736" "--user" "0:0" "--network" "none" "rustops/crates-build-env@sha256:d92eaeed33fa75130ca1ee6c8a01d1ffb62bac859dfdfb3450e3e5d1c0146529" "/opt/rustwide/cargo-home/bin/cargo" "+72f88fc4e9458f89516a0b8b0868f3718aec5b47" "check" "--frozen" "--all" "--all-targets" "--message-format=json", kill_on_drop: false }`
[INFO] [stdout] 5b42c6b74295fb77bed7faf5529153941da1837a10e281d502ddb22337e096f7
[INFO] [stderr] WARNING: Your kernel does not support swap limit capabilities or the cgroup is not mounted. Memory limited without swap.
[INFO] running `Command { std: "docker" "start" "-a" "5b42c6b74295fb77bed7faf5529153941da1837a10e281d502ddb22337e096f7", kill_on_drop: false }`
[INFO] [stderr]     Blocking waiting for file lock on package cache
[INFO] [stderr]    Compiling semver-parser v0.7.0
[INFO] [stderr]    Compiling log v0.4.8
[INFO] [stderr]     Checking rand_core v0.4.2
[INFO] [stderr]     Checking either v1.5.3
[INFO] [stderr]     Checking slab v0.4.2
[INFO] [stderr]     Checking stable_deref_trait v1.1.1
[INFO] [stderr]     Checking scopeguard v0.3.3
[INFO] [stderr]    Compiling serde v1.0.101
[INFO] [stderr]    Compiling ucd-trie v0.1.2
[INFO] [stderr]    Compiling proc-macro2 v0.4.30
[INFO] [stderr]    Compiling unicode-xid v0.1.0
[INFO] [stderr]     Checking linked-hash-map v0.5.2
[INFO] [stderr]     Checking unicode-width v0.1.6
[INFO] [stderr]     Checking crossbeam-utils v0.6.6
[INFO] [stderr]     Checking tokio-sync v0.1.6
[INFO] [stderr]     Checking thread_local v0.3.6
[INFO] [stderr]    Compiling num-integer v0.1.41
[INFO] [stderr]    Compiling nom v4.2.3
[INFO] [stderr]    Compiling unicase v2.5.1
[INFO] [stderr]     Checking humantime v1.3.0
[INFO] [stderr]     Checking serde_test v0.8.23
[INFO] [stderr]     Checking owning_ref v0.4.0
[INFO] [stderr]     Checking textwrap v0.11.0
[INFO] [stderr]    Compiling proc-macro2 v1.0.4
[INFO] [stderr]     Checking pest v2.1.2
[INFO] [stderr]     Checking iovec v0.1.2
[INFO] [stderr]     Checking net2 v0.2.33
[INFO] [stderr]     Checking atty v0.2.13
[INFO] [stderr]     Checking time v0.1.42
[INFO] [stderr]    Compiling semver v0.9.0
[INFO] [stderr]     Checking rand_core v0.3.1
[INFO] [stderr]     Checking rand_os v0.1.3
[INFO] [stderr]     Checking rand_jitter v0.1.4
[INFO] [stderr]     Checking rand_pcg v0.1.2
[INFO] [stderr]     Checking yaml-rust v0.4.3
[INFO] [stderr]     Checking tokio-executor v0.1.8
[INFO] [stderr]     Checking crossbeam-queue v0.1.2
[INFO] [stderr]     Checking lock_api v0.1.5
[INFO] [stderr]     Checking futures-cpupool v0.1.8
[INFO] [stderr]     Checking regex v1.3.1
[INFO] [stderr]     Checking clap v2.33.0
[INFO] [stderr]     Checking bytes v0.4.12
[INFO] [stderr]     Checking rand_hc v0.1.0
[INFO] [stderr]     Checking rand_isaac v0.1.1
[INFO] [stderr]     Checking rand_xorshift v0.1.1
[INFO] [stderr]     Checking rand_chacha v0.1.1
[INFO] [stderr]     Checking linked-hash-map v0.3.0
[INFO] [stderr]     Checking tokio-timer v0.2.11
[INFO] [stderr]     Checking tokio-current-thread v0.1.6
[INFO] [stderr]    Compiling rustc_version v0.2.3
[INFO] [stderr]     Checking rand v0.6.5
[INFO] [stderr]    Compiling quote v1.0.2
[INFO] [stderr]     Checking mio v0.6.19
[INFO] [stderr]     Checking want v0.2.0
[INFO] [stderr]     Checking tokio-io v0.1.12
[INFO] [stderr]     Checking http v0.1.18
[INFO] [stderr]     Checking tokio-buf v0.1.1
[INFO] [stderr]     Checking string v0.2.1
[INFO] [stderr]     Checking chrono v0.4.9
[INFO] [stderr]    Compiling syn v1.0.5
[INFO] [stderr]    Compiling parking_lot_core v0.4.0
[INFO] [stderr]    Compiling memoffset v0.5.1
[INFO] [stderr]    Compiling hyper v0.12.35
[INFO] [stderr]    Compiling quote v0.6.13
[INFO] [stderr]     Checking tokio-codec v0.1.1
[INFO] [stderr]     Checking serde-hjson v0.8.2
[INFO] [stderr]     Checking env_logger v0.6.2
[INFO] [stderr]    Compiling syn v0.15.44
[INFO] [stderr]    Compiling pest_meta v2.1.2
[INFO] [stderr]     Checking mio-uds v0.6.7
[INFO] [stderr]     Checking crossbeam-epoch v0.7.2
[INFO] [stderr]     Checking pretty_env_logger v0.3.1
[INFO] [stderr]     Checking crossbeam-deque v0.7.1
[INFO] [stderr]     Checking parking_lot v0.7.1
[INFO] [stderr]     Checking tokio-threadpool v0.1.15
[INFO] [stderr]     Checking tokio-reactor v0.1.9
[INFO] [stderr]     Checking tokio-udp v0.1.5
[INFO] [stderr]     Checking tokio-uds v0.2.5
[INFO] [stderr]     Checking tokio-tcp v0.1.3
[INFO] [stderr]     Checking tokio-fs v0.1.6
[INFO] [stderr]     Checking tokio v0.1.22
[INFO] [stderr]     Checking h2 v0.1.26
[INFO] [stderr]     Checking http-body v0.1.0
[INFO] [stderr]    Compiling pest_generator v2.1.1
[INFO] [stderr]    Compiling serde_derive v1.0.101
[INFO] [stderr]    Compiling pest_derive v2.1.0
[INFO] [stderr]     Checking serde_json v1.0.40
[INFO] [stderr]     Checking toml v0.4.10
[INFO] [stderr]     Checking hashbrown v0.5.0
[INFO] [stderr]    Compiling derive_more v0.15.0
[INFO] [stderr]     Checking config v0.9.3
[INFO] [stderr]     Checking handlebars v2.0.2
[INFO] [stderr]     Checking cow v0.1.0 (/opt/rustwide/workdir)
[INFO] [stdout] error[E0463]: can't find crate for `bytes`
[INFO] [stdout]   --> examples/connect.rs:19:1
[INFO] [stdout]    |
[INFO] [stdout] 19 | extern crate bytes;
[INFO] [stdout]    | ^^^^^^^^^^^^^^^^^^^ can't find crate
[INFO] [stdout] 
[INFO] [stdout] 
[INFO] [stdout] error: aborting due to previous error
[INFO] [stdout] 
[INFO] [stdout] 
[INFO] [stdout] For more information about this error, try `rustc --explain E0463`.
[INFO] [stdout] 
[INFO] [stderr] error: could not compile `cow`.
[INFO] [stderr] 
[INFO] [stderr] To learn more, run the command again with --verbose.
[INFO] [stderr] warning: build failed, waiting for other jobs to finish...
[INFO] [stdout] warning: unnecessary braces around function argument
[INFO] [stdout]    --> src/main.rs:365:20
[INFO] [stdout]     |
[INFO] [stdout] 365 |     future::result({ render_error_html(status) })
[INFO] [stdout]     |                    ^^^^^^^^^^^^^^^^^^^^^^^^^^^^^ help: remove these braces
[INFO] [stdout]     |
[INFO] [stdout]     = note: `#[warn(unused_braces)]` on by default
[INFO] [stdout] 
[INFO] [stdout] 
[INFO] [stdout] warning: unnecessary braces around function argument
[INFO] [stdout]    --> src/main.rs:365:20
[INFO] [stdout]     |
[INFO] [stdout] 365 |     future::result({ render_error_html(status) })
[INFO] [stdout]     |                    ^^^^^^^^^^^^^^^^^^^^^^^^^^^^^ help: remove these braces
[INFO] [stdout]     |
[INFO] [stdout]     = note: `#[warn(unused_braces)]` on by default
[INFO] [stdout] 
[INFO] [stdout] 
[INFO] [stdout] error[E0308]: mismatched types
[INFO] [stdout]    --> src/main.rs:201:21
[INFO] [stdout]     |
[INFO] [stdout] 201 |                     respond_with_dir(path)
[INFO] [stdout]     |                     ^^^^^^^^^^^^^^^^^^^^^^ expected struct `Finished`, found opaque type
[INFO] [stdout] ...
[INFO] [stdout] 334 | fn respond_with_dir(path: PathBuf) -> impl Future<Item=Response<Body>, Error=Error> {
[INFO] [stdout]     |                                       --------------------------------------------- the found opaque type
[INFO] [stdout]     |
[INFO] [stdout]     = note:   expected struct `Finished<Response<Body>, Error>`
[INFO] [stdout]             found opaque type `impl futures::Future`
[INFO] [stdout] 
[INFO] [stdout] 
[INFO] [stdout] error[E0277]: the trait bound `http::response::Builder: futures::Future` is not satisfied
[INFO] [stdout]    --> src/main.rs:334:39
[INFO] [stdout]     |
[INFO] [stdout] 334 |   fn respond_with_dir(path: PathBuf) -> impl Future<Item=Response<Body>, Error=Error> {
[INFO] [stdout]     |                                         ^^^^^^^^^^^^^^^^^^^^^^^^^^^^^^^^^^^^^^^^^^^^^ the trait `futures::Future` is not implemented for `http::response::Builder`
[INFO] [stdout] 335 | /     Response::builder()
[INFO] [stdout] 336 | |         .status(StatusCode::OK)
[INFO] [stdout] 337 | |         .header("cow", "0.0.1")
[INFO] [stdout]     | |_______________________________- this returned value is of type `&mut http::response::Builder`
[INFO] [stdout]     |
[INFO] [stdout]     = note: required because of the requirements on the impl of `futures::Future` for `&mut http::response::Builder`
[INFO] [stdout]     = note: the return type of a function must have a statically known size
[INFO] [stdout] 
[INFO] [stdout] 
[INFO] [stdout] error[E0308]: mismatched types
[INFO] [stdout]    --> src/main.rs:201:21
[INFO] [stdout]     |
[INFO] [stdout] 201 |                     respond_with_dir(path)
[INFO] [stdout]     |                     ^^^^^^^^^^^^^^^^^^^^^^ expected struct `Finished`, found opaque type
[INFO] [stdout] ...
[INFO] [stdout] 334 | fn respond_with_dir(path: PathBuf) -> impl Future<Item=Response<Body>, Error=Error> {
[INFO] [stdout]     |                                       --------------------------------------------- the found opaque type
[INFO] [stdout]     |
[INFO] [stdout]     = note:   expected struct `Finished<Response<Body>, Error>`
[INFO] [stdout]             found opaque type `impl futures::Future`
[INFO] [stdout] 
[INFO] [stdout] 
[INFO] [stdout] error[E0277]: the trait bound `http::response::Builder: futures::Future` is not satisfied
[INFO] [stdout]    --> src/main.rs:334:39
[INFO] [stdout]     |
[INFO] [stdout] 334 |   fn respond_with_dir(path: PathBuf) -> impl Future<Item=Response<Body>, Error=Error> {
[INFO] [stdout]     |                                         ^^^^^^^^^^^^^^^^^^^^^^^^^^^^^^^^^^^^^^^^^^^^^ the trait `futures::Future` is not implemented for `http::response::Builder`
[INFO] [stdout] 335 | /     Response::builder()
[INFO] [stdout] 336 | |         .status(StatusCode::OK)
[INFO] [stdout] 337 | |         .header("cow", "0.0.1")
[INFO] [stdout]     | |_______________________________- this returned value is of type `&mut http::response::Builder`
[INFO] [stdout]     |
[INFO] [stdout]     = note: required because of the requirements on the impl of `futures::Future` for `&mut http::response::Builder`
[INFO] [stdout]     = note: the return type of a function must have a statically known size
[INFO] [stdout] 
[INFO] [stdout] 
[INFO] [stdout] error: aborting due to 2 previous errors; 1 warning emitted
[INFO] [stdout] 
[INFO] [stdout] 
[INFO] [stdout] Some errors have detailed explanations: E0277, E0308.
[INFO] [stdout] 
[INFO] [stdout] For more information about an error, try `rustc --explain E0277`.
[INFO] [stdout] 
[INFO] [stdout] error: aborting due to 2 previous errors; 1 warning emitted
[INFO] [stdout] 
[INFO] [stdout] 
[INFO] [stdout] Some errors have detailed explanations: E0277, E0308.
[INFO] [stdout] 
[INFO] [stdout] For more information about an error, try `rustc --explain E0277`.
[INFO] [stdout] 
[INFO] [stderr] error: build failed
[INFO] running `Command { std: "docker" "inspect" "5b42c6b74295fb77bed7faf5529153941da1837a10e281d502ddb22337e096f7", kill_on_drop: false }`
[INFO] running `Command { std: "docker" "rm" "-f" "5b42c6b74295fb77bed7faf5529153941da1837a10e281d502ddb22337e096f7", kill_on_drop: false }`
[INFO] [stdout] 5b42c6b74295fb77bed7faf5529153941da1837a10e281d502ddb22337e096f7
